= 4 - 10. Give r(i).
9
Let m(k) = k**3 - 2*k**2 - k - 3. Let a be (((-60)/8)/5)/(1/(-2)). Give m(a).
3
Let l(p) = p**2 - 4*p + 6. Let y(u) = -u + 10. Suppose 4*k - 9 = 15. Let z be y(k). Give l(z).
6
Let n(h) = -4 - 4*h**3 + 2*h + 4*h**2 + 2 - 2*h**2 + 2*h**3. Give n(2).
-6
Suppose 3*b = 4*i + 2, -5*b - 6*i + 2*i = 50. Let m(u) = 2*u + 5. Determine m(b).
-7
Let u(t) = -t. Let z(y) = -11*y + 1. Suppose 0 = 5*r + 5*o + 5, 0 = 3*r + o - 1 + 4. Let p(j) = r*z(j) + 3*u(j). Determine p(1).
7
Let g(w) = -2*w + 10. Let m be g(10). Let t(i) = i**3 + 5*i**2 - 2*i - 5. Let c be t(-5). Let x be 2/c + (-36)/m. Let n(o) = -2*o + 3. What is n(x)?
-5
Let q(r) = 4*r + 2*r**3 - 25 - 2*r + 4*r - 8*r**2 + 10. Let g(v) = -v**3 + 4*v**2 - 3*v + 8. Let m(n) = 11*g(n) + 6*q(n). Let y = -1 + 5. Calculate m(y).
10
Let a be (8 - -2) + (-6 - 3/(-1)). Let f(d) = 4*d - 9. What is f(a)?
19
Let g(h) = -17*h**3 + 2*h + 1. Let k = 26 - 16. Suppose k = -6*l + 4. Calculate g(l).
16
Let r(v) = v**2 + 4*v + 3. Let s be r(-3). Let t be s - (1 - (0 - 1)). Let c(g) = -4*g**2 - 4 + 1 - g**3 + 3*g + 2*g**2 + 5. What is c(t)?
-4
Let p be 3 + (0 - 0/1). Let k(z) = -4*z**2 - z**2 + 0 - z**p + 2 + 2*z. Calculate k(-5).
-8
Suppose -2*u - 8 = -0*u. Let a(d) = -d**3 - 3*d**2 + 6*d + 2. Give a(u).
-6
Let m be 2/(-4) + (-2)/4. Let z = m - -2. Let q(r) = 5*r**2 + 3*r + 1. Let y(n) = -n**3 + 8*n**2 + 5*n + 2. Let k(w) = 5*q(w) - 3*y(w). Determine k(z).
3
Let j(b) = 2*b**3 - 2 + 4 + b - 3. Let k(d) = d**3 + 8*d**2 + 13*d + 7. Let s be k(-6). What is j(s)?
2
Let j(q) = 8*q + 35. Let s(n) = -3*n - 12. Let t(p) = 4*j(p) + 11*s(p). Suppose 0*f = 3*f. Suppose c - 15 = -4*o + 4*c, f = 3*c + 15. Calculate t(o).
8
Suppose 7 = 3*c - 2*q - 9, 0 = -q + 4. Let o = 3 - c. Let x(w) be the third derivative of -w**5/60 - w**4/4 - w**3 + 2*w**2. Calculate x(o).
-1
Let i = -1 + -5. Let p(b) = -b**3 - 5*b**2 + 4*b - 2. What is p(i)?
10
Let p(k) be the third derivative of -k**5/60 + 5*k**4/24 + 7*k**3/6 - 4*k**2. Give p(6).
1
Let y be (-12)/5*(-15)/6. Let n(i) be the third derivative of -1/120*i**y + 1/24*i**4 + 1/3*i**3 + 2*i**2 + 0 + 0*i + 1/20*i**5. Give n(3).
5
Let h be (6/(-21))/((-2)/14). Let a(m) = m**3 + 0*m - 2 + 2*m - m**2 - 3*m + h*m**2. Let t(w) = -w**3 - 4*w**2 - 4*w - 2. Let n be t(-2). Give a(n).
-4
Let d(t) = -t**3 + 4*t**2 + 147 - 4*t**2 + t - 138. Determine d(0).
9
Let f = 141 - 138. Let h(w) = -6*w. Calculate h(f).
-18
Let f(b) = -b**2 + 22*b - 20. Let k be f(21). Let c(j) be the second derivative of j**4/4 - j**3/6 + j. Determine c(k).
2
Let f(c) = 40*c**3 - 4 - c + 9*c**2 + 2*c - 41*c**3. What is f(9)?
5
Suppose -4*q + o + 1 + 17 = 0, -3*o - 22 = -4*q. Let a(v) be the third derivative of v**4/24 - v**3/6 - 11*v**2. Determine a(q).
3
Let x(r) = r**2 - r - 1. Let t(n) = -n**3 + 7*n**2 + 2*n - 5. Let o(c) = t(c) - 3*x(c). Let a be 2*50*(-1)/(-4). Suppose 5*d + 0*d = a. Give o(d).
-2
Let q = 15 - 11. Let r(x) = x - 5*x + 3*x + q - 5. Give r(-5).
4
Suppose 0 = h - 40 + 45. Let o(r) = r**3 + 6*r**2 + 3*r - 6. Determine o(h).
4
Let g(t) be the third derivative of 0*t**4 - 1/24*t**6 + 0*t**5 + 0 + 1/6*t**3 + 0*t + t**2. Suppose 3 = -3*a + 3*p, 5*p = 2*p. Give g(a).
6
Let s(m) = -m - 3. Let x(p) = -p**3 - 5*p**2 + p + 5. Let v be 3/(12/20)*-1. Let c be x(v). Calculate s(c).
-3
Let v(l) = -l**2 - l + 1. Let y be v(0). Let m(x) = -x**2 + x. Let r = -12 + 7. Let d(g) = -4*g**2 + 10*g - 6. Let p(a) = r*m(a) + y*d(a). Calculate p(-5).
-6
Let d be -2 - 0 - (3 - 2). Let k be 3*-2 - 3/d. Let c(w) = -2*w + w + 2*w + 10 - 4. Calculate c(k).
1
Let y(z) be the second derivative of z**3/6 + 8*z. Let x = -1 - -1. Let w be x/(1/1) - -4. What is y(w)?
4
Let m(s) = s**3 + 5*s**2 + 2*s - 3. Let f be m(-3). Suppose 4*j - f = 3*i - j, 3*j - 9 = 3*i. Let t(o) = 0*o + 1 - 5 - o. What is t(i)?
-1
Let v be (-156)/12*(-2)/2. Let s be 8/20 - (-2)/(-5). Let c(b) = 1 - b + s - v. Determine c(-6).
-6
Let u(o) be the third derivative of o**9/60480 + o**8/20160 + o**6/360 + o**5/20 + o**2. Let s(f) be the third derivative of u(f). What is s(-2)?
-2
Let c(y) = -y - 3. Let u be c(-9). Let f be 2 + -3 + -2 + u. Let o(t) = -t**3 + 3*t**2 + t - 1. Determine o(f).
2
Let o(g) = 8 - 2*g + 4*g + 4 - g. Suppose 20 - 55 = 5*c. Give o(c).
5
Let y(w) = w**2 + w - 2. Let o be y(-3). Let x(k) = -k + 8. Give x(o).
4
Let k be (-4)/(-6) - (-32)/6. Suppose 18 = 5*x - 12. Let h(a) = -5*a**2 - a - a + a**3 - 3*a - x. Calculate h(k).
0
Let c(q) be the third derivative of q**4/4 - q**3/6 - 6*q**2. Calculate c(-1).
-7
Let l(d) = 0*d + d - 4*d**2 + 0*d + 0*d. Calculate l(-1).
-5
Let f(h) = -h - 9. Let t be f(-12). Let g(u) = 3*u - 4. Give g(t).
5
Let d(j) = 4 + j**2 - 4*j + 3*j + 5*j. Let r(p) = 10*p + 1. Let q be r(-1). Let m = 5 + q. What is d(m)?
4
Let m(d) = 2*d + 7. Let n = 43 - 48. What is m(n)?
-3
Let p(g) = -4*g - 6. Let i be p(-2). Let s(x) = 31*x**3 - 30*x**3 - 7*x**i + 4*x + 4*x - 2. What is s(6)?
10
Suppose -6*r + 12 = -2*r. Let v(l) = -4 + 6*l + 6*l - 8*l. What is v(r)?
8
Let p = -16 - -21. Let f(z) = z**2 + 1. Let g(q) = 8*q**2 + 3*q + 12. Let t(w) = -18*f(w) + 2*g(w). Determine t(p).
-14
Let u be ((-1)/(-2))/(7/56). Suppose -3*c + u = -2*c. Let r(j) = -j**3 + 5*j**2 - 4*j - 4. What is r(c)?
-4
Let t(a) be the second derivative of a**4/12 + 5*a**3/6 - a**2/2 - 3*a. Let g be t(-6). Suppose g = 3*f - 2*f. Let h(l) = l**3 - 4*l**2 - 5*l - 2. What is h(f)?
-2
Suppose 11 = 4*j - 4*d + 3, 3*j + d = -14. Let h(i) = i**3 + 2*i**2 - 4*i - 4. Give h(j).
-1
Let i(c) = 2*c + 1. Let b(n) = n**2 - 4*n - 3. Let k be b(5). Let s(r) = r - 4 - 2*r + 2*r - r**k. Let p be s(0). Give i(p).
-7
Let x(s) = 0*s**2 - 6*s**2 - 5*s + 3 + 0. Let k(g) = -6*g - 7*g**2 + 1 - g + 3 + g. Let u(y) = 5*k(y) - 6*x(y). Give u(-2).
6
Let g(d) = -3*d**3 - 3*d**2 - 6*d + 14. Let x(u) = -17*u + 0*u**2 - 10*u**2 - 20*u**3 + 12*u**3 + 41. Let z(l) = 11*g(l) - 4*x(l). Give z(7).
4
Let q be (-2)/5 - (-8)/20. Let i(t) = -t + 5 - 1 - 4*t. Let g(x) = 9*x - 9. Let b(y) = -4*g(y) - 7*i(y). Determine b(q).
8
Let a be (-3)/(-2) - (6/4)/(-3). Let y(q) be the first derivative of a + q + 1/2*q**2. Determine y(3).
4
Suppose n = 5*g - 4 - 4, 4*g - 3*n - 2 = 0. Let k(y) = y - 3*y + 2 + 4*y. Determine k(g).
6
Suppose -2*m = x + 2, -3*x + 7*x + 3*m + 18 = 0. Let q(b) = b**2 + 6*b + 3. Determine q(x).
3
Let b(y) be the third derivative of y**6/15 + y**4/12 + y**3/6 - 9*y**2. What is b(-1)?
-9
Let y(r) be the first derivative of 7*r**4/4 - 17. Give y(1).
7
Suppose -3*x + 18 = 3*k, 3*x + x = -2*k + 20. Suppose 0*o = k*o. Let i(n) = n**3 + n**2. What is i(o)?
0
Let x(o) be the third derivative of o**6/180 + o**5/20 + o**4/3 + 8*o**2. Let s(f) be the second derivative of x(f). Suppose 0 = -4*k - 1 - 15. What is s(k)?
-10
Suppose 0 = 4*p - 7*p. Let y(n) be the first derivative of n**3/3 + n**2/2 - 2*n - 1. Calculate y(p).
-2
Let b(w) be the first derivative of -w**4/4 + 2*w**3 - 2*w**2 - w - 7. Suppose 3*t - t = -14. Let h = t + 12. Give b(h).
4
Let b(p) be the first derivative of -p**2/2 - 6*p - 8. Determine b(-6).
0
Let g(f) = f - 2. Let b be g(6). Let o(k) be the first derivative of b*k - 5/2*k**2 - 1/3*k**3 - 1. What is o(-5)?
4
Let j(c) = -3 - 4 - 2*c - 4 + 5. What is j(6)?
-18
Let j(a) = 14 + 2*a**2 - 3*a**2 - 1. Calculate j(0).
13
Let t(j) = j**3 + 6*j**2 + 3*j - 4. Let b = 9 + -14. Calculate t(b).
6
Let n(p) be the second derivative of p**4/6 + p**3/6 + p**2 - 11*p. Determine n(-2).
8
Let r(j) = 11*j + j**3 - 2*j**3 - 3*j + 8*j**2 - 9 - 11*j. Determine r(7).
19
Let x(d) = -10*d + 9*d - 3*d**2 + 2 - 2*d. Determine x(-3).
-16
Let d = 13 + -11. Let p(j) = j. Determine p(d).
2
Suppose 9 = -s + 4*s. Let o(k) be the third derivative of -k**5/30 + k**4/24 + 2*k**3/3 + 26*k**2. Determine o(s).
-11
Suppose 2 = -z + 4*f, -4*f = -4*z + 1 + 3. Suppose 2*q - 10 = -z. Let r(p) = p - 4. Determine r(q).
0
Let k(j) = -2*j**2 + 3 + j**2 - 1 - 7*j. Let a be k(-7). Let q(o) = 2*o - 3*o + 5 - 3*o - o**a. What is q(-5)?
0
Let o(c) be the first derivative of c**4/4 - c**3/3 - 10*c - 2. Suppose p - 4*p + 18 = r, 2*r = 2*p - 4. Suppose f - 2 = 0, r*f - 6 = -2*a + 7*a. What is o(a)?
-10
Let s(p) be the third derivative of p**4/6 + p**3/6 + 5*p**2. Let n(u) = -u - 7. Let x be n(-5). Let w(r) = r + 3. Let d be w(x). Give s(d).